{"id":73,"date":"2023-10-11T23:21:20","date_gmt":"2023-10-11T23:21:20","guid":{"rendered":"http:\/\/fdep.mxl.uabc.mx\/reddocentes\/?page_id=73"},"modified":"2023-10-17T20:19:48","modified_gmt":"2023-10-17T20:19:48","slug":"objetivos","status":"publish","type":"page","link":"https:\/\/fdep.mxl.uabc.mx\/reddocentes\/?page_id=73","title":{"rendered":"Objetivos"},"content":{"rendered":"\n\n\n<h2>Objetivos de la Red<\/h2>\n<p style=\"text-align: justify;\">En base a las estrategias planteadas en el Plan de Desarrollo Institucional (PDI 2023-2027),&nbsp; que&nbsp; busca priorizar un aprendizaje integral, flexible y de excelencia en los programas educativos de licenciatura, posgrado y aprendizaje a lo largo de la vida. En su estrategia &#8220;Desarrollar una agenda institucional de innovaci\u00f3n educativa apoyada en tecnolog\u00edas digitales&#8221;. Esta red tiene como prop\u00f3sito especifico impulsar el desarrollo y la gesti\u00f3n de contenidos educativos digitales que consideren diversos formatos y modalidades de aprendizaje.<\/p>\n<p\u00a0style=\"text-align: justify;\"=\"\"><br><\/p\u00a0style=\"text-align:>\n<p><strong>Para ello la red plantea las siguientes l\u00edneas de acci\u00f3n:<\/strong><\/p>\n<ul><li><p>Incrementar la participaci\u00f3n de los profesores y estudiantes en el uso de recursos digitales&nbsp;<\/p><\/li><li>Generar espacios para la capacitaci\u00f3n en modalidad a distancia de car\u00e1cter autoadministrado para profesores en la gesti\u00f3n y uso de plataformas \u00fatiles para mejorar el apoyo tecnol\u00f3gico en cursos acad\u00e9micos del PE de licenciatura.<\/li><li>Promover el desarrollo de habilidades de pensamiento critico, creativo, computacional y planificado en estudiantes ante el avance de las tecnolog\u00edas y el uso de aplicaciones de Inteligencia Artificial (IA).<\/li><li>Tener un portal dedicado a la difusi\u00f3n de recursos digitales&nbsp; e informaci\u00f3n sobresaliente para el apoyo en las \u00e1reas de asesor\u00edas y&nbsp; cursos del programa educativo.<\/li><li>Fortalecer los programas de aprendizaje de programa educativo con repositorios digitales espec\u00edficos y de car\u00e1cter general.&nbsp;<\/li><li>Difundir art\u00edculos relacionados con la docencia y la investigaci\u00f3n que coadyuven en el logro docente y acad\u00e9mico de los estudiantes.<\/li><\/ul>\n\n\n","protected":false},"excerpt":{"rendered":"","protected":false},"author":1,"featured_media":0,"parent":0,"menu_order":0,"comment_status":"closed","ping_status":"closed","template":"","meta":{"footnotes":""},"class_list":["post-73","page","type-page","status-publish","hentry"],"_links":{"self":[{"href":"https:\/\/fdep.mxl.uabc.mx\/reddocentes\/index.php?rest_route=\/wp\/v2\/pages\/73","targetHints":{"allow":["GET"]}}],"collection":[{"href":"https:\/\/fdep.mxl.uabc.mx\/reddocentes\/index.php?rest_route=\/wp\/v2\/pages"}],"about":[{"href":"https:\/\/fdep.mxl.uabc.mx\/reddocentes\/index.php?rest_route=\/wp\/v2\/types\/page"}],"author":[{"embeddable":true,"href":"https:\/\/fdep.mxl.uabc.mx\/reddocentes\/index.php?rest_route=\/wp\/v2\/users\/1"}],"replies":[{"embeddable":true,"href":"https:\/\/fdep.mxl.uabc.mx\/reddocentes\/index.php?rest_route=%2Fwp%2Fv2%2Fcomments&post=73"}],"version-history":[{"count":20,"href":"https:\/\/fdep.mxl.uabc.mx\/reddocentes\/index.php?rest_route=\/wp\/v2\/pages\/73\/revisions"}],"predecessor-version":[{"id":161,"href":"https:\/\/fdep.mxl.uabc.mx\/reddocentes\/index.php?rest_route=\/wp\/v2\/pages\/73\/revisions\/161"}],"wp:attachment":[{"href":"https:\/\/fdep.mxl.uabc.mx\/reddocentes\/index.php?rest_route=%2Fwp%2Fv2%2Fmedia&parent=73"}],"curies":[{"name":"wp","href":"https:\/\/api.w.org\/{rel}","templated":true}]}}