{"id":19,"date":"2023-10-11T17:51:15","date_gmt":"2023-10-11T17:51:15","guid":{"rendered":"http:\/\/fdep.mxl.uabc.mx\/reddocentes\/?page_id=19"},"modified":"2023-10-12T18:30:23","modified_gmt":"2023-10-12T18:30:23","slug":"profesores","status":"publish","type":"page","link":"https:\/\/fdep.mxl.uabc.mx\/reddocentes\/?page_id=19","title":{"rendered":"Miembros"},"content":{"rendered":"\n\n\n<h2>Miembros de la red&nbsp; de profesores REDIFDM<\/h2>\n\n\n\n\n<div class=\"wp-block-group is-vertical is-layout-flex wp-container-1 wp-block-group-is-layout-flex\"><\/div>\n\n<style>\nimg{\n  max-height:120px;\n  \/\/min-height:100px;\nmin-width:120px;\ndisplay: block;\n  margin-left: auto;\n  margin-right: auto;\n  \/\/width: 50%;\n}\ntable{\n background-color:#FFFFFF;\n border:5px solid;\n border-style:none;\n}\ntd{\npadding: 10;\n}\n<\/style>\n\n<table>\n<tbody>\n<tr>\n<td><img decoding=\"async\" src=\"https:\/\/deportes.mxl.uabc.mx\/tutorias\/formularios\/tutores\/fotos\/24277.jpg\"><\/td><td><strong>Profesora:<\/strong> Mtra. Alejandrina Mendoza Rivera<br><strong>\u00c1rea:<\/strong> Comunicaci\u00f3n y Mercadotecnia<br><strong>Email:<\/strong> alejandrina.mendoza@uabc.edu.mx<\/td>\n<\/tr>\n<tr><td><img decoding=\"async\" src=\"https:\/\/deportes.mxl.uabc.mx\/organigrama\/demo\/images\/photos\/pacheco.jpg\"><\/td><td><strong>Profesora:<\/strong>&nbsp;Mtra. Daniela Valentina Pacheco Marcano<br><strong>\u00c1rea:<\/strong> Metodolog\u00eda de la Investigaci\u00f3n y Sociolog\u00eda<br><strong>Email: <\/strong>pacheco.daniela@uabc.edu.mx<br><\/td><\/tr>\n<tr>\n<td><img decoding=\"async\" src=\"https:\/\/deportes.mxl.uabc.mx\/tutorias\/formularios\/tutores\/fotos\/22560.JPG\"><\/td><td><strong>Profesor:<\/strong> Mtro.<strong>&nbsp;<\/strong>Jes\u00fas Carlos Torres Acedo<br><strong>\u00c1rea:<\/strong> Promoci\u00f3n deportiva<br><strong>Email: <\/strong>jesus.carlos.torres.acedo@uabc.edu.mx<\/td>\n<\/tr>\n<tr><td><img decoding=\"async\" src=\"https:\/\/deportes.mxl.uabc.mx\/tutorias\/formularios\/tutores\/fotos\/jael.jpg\"><\/td><td><strong>Profesora:<\/strong> Mtra. Isis Jael Oviedo Rodr\u00edguez<br><strong>\u00c1rea:<\/strong> Habilidades socioemocionales y Psicolog\u00eda Deportiva<br><strong>Email: <\/strong>isis.oviedo@uabc.edu.mx<\/td>\n<\/tr><tr><td><img decoding=\"async\" src=\"https:\/\/deportes.mxl.uabc.mx\/tutorias\/formularios\/tutores\/fotos\/mirvana.jpeg\"><\/td><td><strong>Profesora:<\/strong>&nbsp;Dra. Mirvana Elizabeth Gonz\u00e1lez Macias<br><strong>\u00c1rea: <\/strong>Biomec\u00e1nica y Estad\u00edstica<br><strong>Email:<\/strong>&nbsp;gonzalez.mirvana@uabc.edu.mx<\/td><\/tr>\n\n<tr>\n<td><img decoding=\"async\" src=\"https:\/\/deportes.mxl.uabc.mx\/organigrama\/demo\/images\/photos\/VeronicaRivera.jpg\"><\/td><td><strong>Profesora:<\/strong> Mtra.<strong>&nbsp;<\/strong>Ver\u00f3nica Rivera Torres<br><strong>\u00c1rea:<\/strong> Comunicaci\u00f3n  y Relaciones Publicas en el Deporte<br><strong>Email:<\/strong> vrivera@uabc.edu.mx<br><\/td>\n<\/tr>\n<tr><td><img decoding=\"async\" src=\"https:\/\/deportes.mxl.uabc.mx\/tutorias\/formularios\/tutores\/fotos\/samuel.jpg\"><\/td><td><strong>Profesor:<\/strong> Mtro. Samuel Nicol\u00e1s Rodr\u00edguez Lucas<br><strong>\u00c1rea:<\/strong>&nbsp; Tecnolog\u00edas de la Informaci\u00f3n y la Comunicaci\u00f3n, Estad\u00edstica<br><strong>Email: <\/strong>samuelrodriguez@uabc.edu.mx<\/td><\/tr>\n<\/tbody><\/table>\n\n\n","protected":false},"excerpt":{"rendered":"","protected":false},"author":1,"featured_media":0,"parent":0,"menu_order":0,"comment_status":"closed","ping_status":"closed","template":"","meta":{"footnotes":""},"class_list":["post-19","page","type-page","status-publish","hentry"],"_links":{"self":[{"href":"https:\/\/fdep.mxl.uabc.mx\/reddocentes\/index.php?rest_route=\/wp\/v2\/pages\/19","targetHints":{"allow":["GET"]}}],"collection":[{"href":"https:\/\/fdep.mxl.uabc.mx\/reddocentes\/index.php?rest_route=\/wp\/v2\/pages"}],"about":[{"href":"https:\/\/fdep.mxl.uabc.mx\/reddocentes\/index.php?rest_route=\/wp\/v2\/types\/page"}],"author":[{"embeddable":true,"href":"https:\/\/fdep.mxl.uabc.mx\/reddocentes\/index.php?rest_route=\/wp\/v2\/users\/1"}],"replies":[{"embeddable":true,"href":"https:\/\/fdep.mxl.uabc.mx\/reddocentes\/index.php?rest_route=%2Fwp%2Fv2%2Fcomments&post=19"}],"version-history":[{"count":47,"href":"https:\/\/fdep.mxl.uabc.mx\/reddocentes\/index.php?rest_route=\/wp\/v2\/pages\/19\/revisions"}],"predecessor-version":[{"id":108,"href":"https:\/\/fdep.mxl.uabc.mx\/reddocentes\/index.php?rest_route=\/wp\/v2\/pages\/19\/revisions\/108"}],"wp:attachment":[{"href":"https:\/\/fdep.mxl.uabc.mx\/reddocentes\/index.php?rest_route=%2Fwp%2Fv2%2Fmedia&parent=19"}],"curies":[{"name":"wp","href":"https:\/\/api.w.org\/{rel}","templated":true}]}}