{"id":1332,"date":"2023-10-04T19:45:50","date_gmt":"2023-10-04T17:45:50","guid":{"rendered":"http:\/\/fdep.mxl.uabc.mx\/posgrado\/?page_id=1332"},"modified":"2026-03-02T19:23:27","modified_gmt":"2026-03-02T18:23:27","slug":"programa-de-estudios-2022-2","status":"publish","type":"page","link":"https:\/\/fdep.mxl.uabc.mx\/posgrado\/programa-de-estudios-2022-2\/","title":{"rendered":"Programa de Estudios 2022-2"},"content":{"rendered":"\n\n\n<center>\n<h5>Plan de Estudio 2022-2<\/h5>\n\n\n\n\n\n\n\n\n<center><img decoding=\"async\" src=\"http:\/\/fdep.mxl.uabc.mx\/posgrado\/wp-content\/uploads\/2023\/10\/MC-2022-2.gif\" alt=\"\" pl-media-id=\"1535\">\n\n\n\n\n\n\n<center><img decoding=\"async\" src=\"http:\/\/fdep.mxl.uabc.mx\/posgrado\/wp-content\/uploads\/2023\/10\/R-Critica2022-2.gif\"><\/center>\n\n\n\n\n\n\n<center><img decoding=\"async\" src=\"http:\/\/fdep.mxl.uabc.mx\/posgrado\/wp-content\/uploads\/2023\/10\/PAsignacinDirector.png\">\n\n\n\n\n\n\n<strong>Unidades de Aprendizaje Obligatorias<\/strong>\n<br>\n<br>\n<a href=\"http:\/\/fdep.mxl.uabc.mx\/posgrado\/wp-content\/uploads\/2023\/10\/CD-22-5663-MLECF.pdf\" target=\"_blank\" rel=\"noopener\">\nMarco legal de la cultura f\u00edsica.\n<\/a>\n<br>\n<a href=\"http:\/\/fdep.mxl.uabc.mx\/posgrado\/wp-content\/uploads\/2023\/10\/CD-22-5665-FE.pdf\" target=\"_blank\" rel=\"noopener\">\nFisiolog\u00eda del ejercicio f\u00edsico.\n<\/a>\n<br>\n<a href=\"http:\/\/fdep.mxl.uabc.mx\/posgrado\/wp-content\/uploads\/2023\/10\/CD-22-5664-DEF.pdf\" target=\"_blank\" rel=\"noopener\">\nDid\u00e1ctica de la educaci\u00f3n f\u00edsica y deporte.\n<\/a>\n<br>\n<a href=\"http:\/\/fdep.mxl.uabc.mx\/posgrado\/wp-content\/uploads\/2023\/10\/CD-22-5418-DEFYGD.pdf\" target=\"_blank\" rel=\"noopener\">\nDirecci\u00f3n de la educaci\u00f3n f\u00edsica y gesti\u00f3n del deporte.\n<\/a>\n<br>\n<a href=\"http:\/\/fdep.mxl.uabc.mx\/posgrado\/wp-content\/uploads\/2026\/02\/EAFNA_2026.pdf\" target=\"_blank\" rel=\"noopener\">\nEvaluaci\u00f3n de la aptitud f\u00edsica en ni\u00f1os y adolescentes.\n<\/a>\n<br>\n<a href=\"http:\/\/fdep.mxl.uabc.mx\/posgrado\/wp-content\/uploads\/2026\/02\/TTT-1_2026.pdf\" target=\"_blank\" rel=\"noopener\">\nTaller I de trabajo terminal.\n<\/a>\n<br>\n<a href=\"http:\/\/fdep.mxl.uabc.mx\/posgrado\/wp-content\/uploads\/2023\/10\/CD-22-4995-T_II_TT.pdf\" target=\"_blank\" rel=\"noopener\">\nTaller II de trabajo terminal.\n<\/a>\n<br>\n<a href=\"http:\/\/fdep.mxl.uabc.mx\/posgrado\/wp-content\/uploads\/2023\/10\/CD-22-5666-EPP.pdf\" target=\"_blank\" rel=\"noopener\">\nEstancia de pr\u00e1ctica profesional.\n<\/a>\n<br>\n<br>\n\n\n\n\n\n\n<p><strong>Unidades de Aprendizaje Optativas<\/strong><\/p>\n<br>\n<strong>Bloque 1: <\/strong>\n<br>\n<a href=\"http:\/\/fdep.mxl.uabc.mx\/posgrado\/wp-content\/uploads\/2023\/10\/CD-22-5635.pdf\" target=\"_blank\" rel=\"noopener\">\nDeporte escolar<\/a> &#8211; 5 cr\u00e9ditos\n <br>\n<a href=\"http:\/\/fdep.mxl.uabc.mx\/posgrado\/wp-content\/uploads\/2024\/08\/PUA-EContextualAprendizaje.pdf\" target=\"_blank\" rel=\"noopener\">\nEntorno contextual del aprendizaje<\/a> &#8211; 5 cr\u00e9ditos\n <br>\n<a href=\"http:\/\/fdep.mxl.uabc.mx\/posgrado\/wp-content\/uploads\/2023\/10\/CD-22-5387.pdf\" target=\"_blank\" rel=\"noopener\">\nInclusi\u00f3n en la educaci\u00f3n f\u00edsica y el deporte<\/a>\n &#8211; 5 cr\u00e9ditos\n<br>\n<br>\n<strong>Bloque 2: <\/strong>\n<br>\n<a href=\"http:\/\/fdep.mxl.uabc.mx\/posgrado\/wp-content\/uploads\/2026\/03\/DEFDE_2026.pdf\" target=\"_blank\">\nDesarrollo de habilidades digitales para la ense\u00f1anza de la educaci\u00f3n f\u00edsica y deporte<\/a> &#8211; 5 cr\u00e9ditos\n<br>\n<a href=\"http:\/\/fdep.mxl.uabc.mx\/posgrado\/wp-content\/uploads\/2025\/12\/Protocolos-de-actuacion.pdf\" target=\"_blank\" rel=\"noopener\">\nProtocolos de actuaci\u00f3n<\/a> &#8211; 5 cr\u00e9ditos\n<br>\n<br>\n<strong><font style=\"vertical-align: inherit;\"><font style=\"vertical-align: inherit;\">Bloque 3: <\/font><\/font><\/strong>\n <br>\n<a href=\"http:\/\/fdep.mxl.uabc.mx\/posgrado\/wp-content\/uploads\/2023\/10\/CD-22-5247.pdf\" target=\"_blank\" rel=\"noopener\">\nProceso emprendedor<\/font><\/a> &#8211; 5 cr\u00e9ditos\n <br>\n<a href=\"http:\/\/fdep.mxl.uabc.mx\/posgrado\/wp-content\/uploads\/2023\/10\/CD-22-5001.pdf\" target=\"_blank\" rel=\"noopener\">\nPrescripci\u00f3n del ejercicio f\u00edsico en la ni\u00f1ez y adolescencia<\/a> &#8211; 5 cr\u00e9ditos\n<br>\nEducaci\u00f3n f\u00edsica comtempor\u00e1nea<\/a> &#8211; 5 cr\u00e9ditos\n<br>\n<a href=\"http:\/\/fdep.mxl.uabc.mx\/posgrado\/wp-content\/uploads\/2026\/02\/AAE_2026.pdf\" target=\"_blank\" rel=\"noopener\">\nAlimentaci\u00f3n en el \u00e1mbito escolar y deportivo<\/a> &#8211; 6 cr\u00e9ditos\n<br><br>\n\n<br>\n<strong><font style=\"vertical-align: inherit;\"><font style=\"vertical-align: inherit;\">Bloque 4: <\/font><\/font><\/strong>\n <br>\n<a href=\"http:\/\/fdep.mxl.uabc.mx\/posgrado\/wp-content\/uploads\/2023\/10\/CD-22-5673.pdf\" target=\"_blank\" rel=\"noopener\"><font style=\"vertical-align: inherit;\"><font style=\"vertical-align: inherit;\">\nAn\u00e1lisis del movimiento y postura<\/font><\/font><\/a><font style=\"vertical-align: inherit;\"><font style=\"vertical-align: inherit;\"> &#8211; 5 cr\u00e9ditos\n <\/font><\/font><br>\n<a href=\"http:\/\/fdep.mxl.uabc.mx\/posgrado\/wp-content\/uploads\/2023\/10\/CD-22-5675.pdf\" target=\"_blank\" rel=\"noopener\"><font style=\"vertical-align: inherit;\"><font style=\"vertical-align: inherit;\">\nCurso de preparaci\u00f3n de ingl\u00e9s<\/font><\/font><\/a><font style=\"vertical-align: inherit;\"><font style=\"vertical-align: inherit;\"> &#8211; 5 cr\u00e9ditos\n  <\/font><\/font><br>\n<br>\n<strong><font style=\"vertical-align: inherit;\"><font style=\"vertical-align: inherit;\">Otras Actividades:<\/font><\/font><\/strong>\n <br><font style=\"vertical-align: inherit;\"><font style=\"vertical-align: inherit;\"> \nDivulgaci\u00f3n del conocimiento &#8211; 3 cr\u00e9ditos\n <\/font><\/font><br><font style=\"vertical-align: inherit;\"><font style=\"vertical-align: inherit;\">\nEstancia corta &#8211; 3 cr\u00e9ditos\n <\/font><\/font><br>\n<a href=\"http:\/\/fdep.mxl.uabc.mx\/posgrado\/wp-content\/uploads\/2024\/01\/CD-22-6184-1.pdf\" target=\"_blank\" rel=\"noopener\"><font style=\"vertical-align: inherit;\"><font style=\"vertical-align: inherit;\">\nFundamentos de la psicopedagog\u00eda<\/font><\/font><\/a><font style=\"vertical-align: inherit;\"><font style=\"vertical-align: inherit;\"> 5 cr\u00e9ditos\n<\/font><\/font><br>\n<br>\n\n\n\n\n\n\n<img decoding=\"async\" src=\"http:\/\/fdep.mxl.uabc.mx\/posgrado\/wp-content\/uploads\/2023\/10\/ico-pdf.jpg\">&nbsp;<a href=\"http:\/\/fdep.mxl.uabc.mx\/posgrado\/wp-content\/uploads\/2026\/01\/HPos-2do-26-1.pdf\" target=\"_blank\" rel=\"noopener\">2do. Semestre.<\/a>\n<br>\n<img decoding=\"async\" src=\"http:\/\/fdep.mxl.uabc.mx\/posgrado\/wp-content\/uploads\/2023\/10\/ico-pdf.jpg\">\n<a href=\"http:\/\/fdep.mxl.uabc.mx\/posgrado\/wp-content\/uploads\/2025\/12\/HPosg-4to-26-1.pdf\" target=\"_blank\" rel=\"noopener\">\n4to. Semestre<\/a>\n\n\n\n\n\n\n","protected":false},"excerpt":{"rendered":"","protected":false},"author":1,"featured_media":0,"parent":0,"menu_order":0,"comment_status":"closed","ping_status":"closed","template":"","meta":{"_uag_custom_page_level_css":"","site-sidebar-layout":"default","site-content-layout":"","ast-site-content-layout":"default","site-content-style":"default","site-sidebar-style":"default","ast-global-header-display":"","ast-banner-title-visibility":"","ast-main-header-display":"","ast-hfb-above-header-display":"","ast-hfb-below-header-display":"","ast-hfb-mobile-header-display":"","site-post-title":"","ast-breadcrumbs-content":"","ast-featured-img":"","footer-sml-layout":"","ast-disable-related-posts":"","theme-transparent-header-meta":"","adv-header-id-meta":"","stick-header-meta":"","header-above-stick-meta":"","header-main-stick-meta":"","header-below-stick-meta":"","astra-migrate-meta-layouts":"set","ast-page-background-enabled":"default","ast-page-background-meta":{"desktop":{"background-color":"var(--ast-global-color-4)","background-image":"","background-repeat":"repeat","background-position":"center center","background-size":"auto","background-attachment":"scroll","background-type":"","background-media":"","overlay-type":"","overlay-color":"","overlay-opacity":"","overlay-gradient":""},"tablet":{"background-color":"","background-image":"","background-repeat":"repeat","background-position":"center center","background-size":"auto","background-attachment":"scroll","background-type":"","background-media":"","overlay-type":"","overlay-color":"","overlay-opacity":"","overlay-gradient":""},"mobile":{"background-color":"","background-image":"","background-repeat":"repeat","background-position":"center center","background-size":"auto","background-attachment":"scroll","background-type":"","background-media":"","overlay-type":"","overlay-color":"","overlay-opacity":"","overlay-gradient":""}},"ast-content-background-meta":{"desktop":{"background-color":"var(--ast-global-color-5)","background-image":"","background-repeat":"repeat","background-position":"center center","background-size":"auto","background-attachment":"scroll","background-type":"","background-media":"","overlay-type":"","overlay-color":"","overlay-opacity":"","overlay-gradient":""},"tablet":{"background-color":"var(--ast-global-color-5)","background-image":"","background-repeat":"repeat","background-position":"center center","background-size":"auto","background-attachment":"scroll","background-type":"","background-media":"","overlay-type":"","overlay-color":"","overlay-opacity":"","overlay-gradient":""},"mobile":{"background-color":"var(--ast-global-color-5)","background-image":"","background-repeat":"repeat","background-position":"center center","background-size":"auto","background-attachment":"scroll","background-type":"","background-media":"","overlay-type":"","overlay-color":"","overlay-opacity":"","overlay-gradient":""}},"footnotes":""},"class_list":["post-1332","page","type-page","status-publish","hentry"],"uagb_featured_image_src":{"full":false,"thumbnail":false,"medium":false,"medium_large":false,"large":false,"1536x1536":false,"2048x2048":false},"uagb_author_info":{"display_name":"Administrador","author_link":"https:\/\/fdep.mxl.uabc.mx\/posgrado\/blog\/author\/administrador\/"},"uagb_comment_info":0,"uagb_excerpt":null,"_links":{"self":[{"href":"https:\/\/fdep.mxl.uabc.mx\/posgrado\/wp-json\/wp\/v2\/pages\/1332","targetHints":{"allow":["GET"]}}],"collection":[{"href":"https:\/\/fdep.mxl.uabc.mx\/posgrado\/wp-json\/wp\/v2\/pages"}],"about":[{"href":"https:\/\/fdep.mxl.uabc.mx\/posgrado\/wp-json\/wp\/v2\/types\/page"}],"author":[{"embeddable":true,"href":"https:\/\/fdep.mxl.uabc.mx\/posgrado\/wp-json\/wp\/v2\/users\/1"}],"replies":[{"embeddable":true,"href":"https:\/\/fdep.mxl.uabc.mx\/posgrado\/wp-json\/wp\/v2\/comments?post=1332"}],"version-history":[{"count":70,"href":"https:\/\/fdep.mxl.uabc.mx\/posgrado\/wp-json\/wp\/v2\/pages\/1332\/revisions"}],"predecessor-version":[{"id":3007,"href":"https:\/\/fdep.mxl.uabc.mx\/posgrado\/wp-json\/wp\/v2\/pages\/1332\/revisions\/3007"}],"wp:attachment":[{"href":"https:\/\/fdep.mxl.uabc.mx\/posgrado\/wp-json\/wp\/v2\/media?parent=1332"}],"curies":[{"name":"wp","href":"https:\/\/api.w.org\/{rel}","templated":true}]}}