{"id":216,"date":"2023-11-07T20:20:31","date_gmt":"2023-11-07T19:20:31","guid":{"rendered":"https:\/\/fdep.mxl.uabc.mx\/posgrado\/doctorado\/?page_id=216"},"modified":"2025-03-04T20:25:47","modified_gmt":"2025-03-04T19:25:47","slug":"lgac","status":"publish","type":"page","link":"https:\/\/fdep.mxl.uabc.mx\/posgrado\/doctorado\/lgac\/","title":{"rendered":"LGAC"},"content":{"rendered":"\n\n\n<p>La LGAC de este programa se denomina \u201cMovimiento humano\u201d, la cual enfatiza el valor de las ciencias de la actividad f\u00edsica y del deporte. Dichas ciencias comparten el m\u00e9todo cient\u00edfico, y el objeto com\u00fan de estudio, movimiento humano, el cual supone un objeto m\u00e1s b\u00e1sico y apto para cualquier investigaci\u00f3n y aplicaci\u00f3n, que el educativo exclusivamente. El movimiento humano se contempla desde dos perspectivas: por una parte, como un medio o instrumento, y por otra como un fin en s\u00ed mismo; al tiempo que se estudia a trav\u00e9s de los fundamentos biol\u00f3gicos y mec\u00e1nicos, por un lado, y los fundamentos comportamentales y sociales por el otro.<\/p>\n\n\n\n\n\n\n\n\n<table>\n<!--Encabezado-->\n<tr> \n<th style=\"width:25%\">Profesor<\/th>\n<th>L\u00edneas de investigaci\u00f3n<\/th>\n<\/tr>\n<!--Fila  1-->\n<tr>\n<td>Marina Trejo Trejo<\/td>\n<td>Metabolismo, ejercicio f\u00edsico y salud Flexibilidad metab\u00f3lica\n<\/td>\n<\/tr>\n<!--Fila  2-->\n<tr>\n<td>Tatiana Romero Garc\u00eda<\/td>\n<td>Regulaci\u00f3n del metabolismo durante el ejercicio, desde el nivel sist\u00e9mico hasta el nivel molecular\nMetabolismo, ejercicio f\u00edsico y salud\nFisiolog\u00eda y Bioqu\u00edmica muscular en patolog\u00edas metab\u00f3licas\n<\/td>\n<\/tr>\n<!--Fila  3-->\n<tr>\n<td>Mirvana Elizabeth Gonz\u00e1lez Mac\u00edas<\/td>\n<td>An\u00e1lisis biomec\u00e1nico de la t\u00e9cnica deportiva \nBiomec\u00e1nica aplicada a los deportes para personas con capacidades diferentes\nComportamiento biomec\u00e1nico del sistema m\u00fasculo-esquel\u00e9tico\n<\/td>\n<\/tr>\n<!--Fila  4-->\n<tr>\n<td>Heriberto Antonio Pineda Espejel<\/td>\n<td>Adaptaci\u00f3n y validaci\u00f3n de instrumentos psicol\u00f3gicos Medici\u00f3n de variables psicol\u00f3gicas en el deporte \nMotivaci\u00f3n y ansiedad en el deporte\nMotivaci\u00f3n y adherencia a la pr\u00e1ctica de actividad f\u00edsica\nPerfeccionismo y deporte\n<\/td>\n<\/tr>\n<!--Fila  5-->\n<tr>\n<td>Luis Mario G\u00f3mez Miranda<\/td>\n<td>Actividad f\u00edsica para la salud \nRendimiento f\u00edsico.<\/td>\n<\/tr>\n<!--Fila  6-->\n<tr>\n<td>Lourdes Cutti Riveros<\/td>\n<td>Educaci\u00f3n F\u00edsica y ense\u00f1anza de la actividad f\u00edsica y el deporte\nLa influencia de la cultura en la ense\u00f1anza de la actividad f\u00edsica y el deporte.<\/td>\n<\/tr>\n<!--Fila  7-->\n<tr>\n<td>Marco Antonio Hern\u00e1ndez Lepe<\/td>\n<td>Nutrici\u00f3n y deporte.<\/td>\n<\/tr>\n<!--Fila  8-->\n<tr>\n<td>Roberto Espinoza Guti\u00e9rrez<\/td>\n<td>Rendimiento f\u00edsico, promoci\u00f3n de la salud.\n<\/td>\n<\/tr>\n<\/table>\n\n\n\n\n\n\n","protected":false},"excerpt":{"rendered":"","protected":false},"author":1,"featured_media":0,"parent":0,"menu_order":0,"comment_status":"closed","ping_status":"closed","template":"","meta":{"_uag_custom_page_level_css":"","site-sidebar-layout":"default","site-content-layout":"","ast-site-content-layout":"default","site-content-style":"default","site-sidebar-style":"default","ast-global-header-display":"","ast-banner-title-visibility":"","ast-main-header-display":"","ast-hfb-above-header-display":"","ast-hfb-below-header-display":"","ast-hfb-mobile-header-display":"","site-post-title":"","ast-breadcrumbs-content":"","ast-featured-img":"","footer-sml-layout":"","ast-disable-related-posts":"","theme-transparent-header-meta":"","adv-header-id-meta":"","stick-header-meta":"","header-above-stick-meta":"","header-main-stick-meta":"","header-below-stick-meta":"","astra-migrate-meta-layouts":"default","ast-page-background-enabled":"default","ast-page-background-meta":{"desktop":{"background-color":"var(--ast-global-color-4)","background-image":"","background-repeat":"repeat","background-position":"center center","background-size":"auto","background-attachment":"scroll","background-type":"","background-media":"","overlay-type":"","overlay-color":"","overlay-opacity":"","overlay-gradient":""},"tablet":{"background-color":"","background-image":"","background-repeat":"repeat","background-position":"center center","background-size":"auto","background-attachment":"scroll","background-type":"","background-media":"","overlay-type":"","overlay-color":"","overlay-opacity":"","overlay-gradient":""},"mobile":{"background-color":"","background-image":"","background-repeat":"repeat","background-position":"center center","background-size":"auto","background-attachment":"scroll","background-type":"","background-media":"","overlay-type":"","overlay-color":"","overlay-opacity":"","overlay-gradient":""}},"ast-content-background-meta":{"desktop":{"background-color":"var(--ast-global-color-5)","background-image":"","background-repeat":"repeat","background-position":"center center","background-size":"auto","background-attachment":"scroll","background-type":"","background-media":"","overlay-type":"","overlay-color":"","overlay-opacity":"","overlay-gradient":""},"tablet":{"background-color":"var(--ast-global-color-5)","background-image":"","background-repeat":"repeat","background-position":"center center","background-size":"auto","background-attachment":"scroll","background-type":"","background-media":"","overlay-type":"","overlay-color":"","overlay-opacity":"","overlay-gradient":""},"mobile":{"background-color":"var(--ast-global-color-5)","background-image":"","background-repeat":"repeat","background-position":"center center","background-size":"auto","background-attachment":"scroll","background-type":"","background-media":"","overlay-type":"","overlay-color":"","overlay-opacity":"","overlay-gradient":""}},"footnotes":""},"class_list":["post-216","page","type-page","status-publish","hentry"],"uagb_featured_image_src":{"full":false,"thumbnail":false,"medium":false,"medium_large":false,"large":false,"1536x1536":false,"2048x2048":false},"uagb_author_info":{"display_name":"Administrador","author_link":"https:\/\/fdep.mxl.uabc.mx\/posgrado\/doctorado\/author\/administrador\/"},"uagb_comment_info":0,"uagb_excerpt":null,"_links":{"self":[{"href":"https:\/\/fdep.mxl.uabc.mx\/posgrado\/doctorado\/wp-json\/wp\/v2\/pages\/216","targetHints":{"allow":["GET"]}}],"collection":[{"href":"https:\/\/fdep.mxl.uabc.mx\/posgrado\/doctorado\/wp-json\/wp\/v2\/pages"}],"about":[{"href":"https:\/\/fdep.mxl.uabc.mx\/posgrado\/doctorado\/wp-json\/wp\/v2\/types\/page"}],"author":[{"embeddable":true,"href":"https:\/\/fdep.mxl.uabc.mx\/posgrado\/doctorado\/wp-json\/wp\/v2\/users\/1"}],"replies":[{"embeddable":true,"href":"https:\/\/fdep.mxl.uabc.mx\/posgrado\/doctorado\/wp-json\/wp\/v2\/comments?post=216"}],"version-history":[{"count":13,"href":"https:\/\/fdep.mxl.uabc.mx\/posgrado\/doctorado\/wp-json\/wp\/v2\/pages\/216\/revisions"}],"predecessor-version":[{"id":555,"href":"https:\/\/fdep.mxl.uabc.mx\/posgrado\/doctorado\/wp-json\/wp\/v2\/pages\/216\/revisions\/555"}],"wp:attachment":[{"href":"https:\/\/fdep.mxl.uabc.mx\/posgrado\/doctorado\/wp-json\/wp\/v2\/media?parent=216"}],"curies":[{"name":"wp","href":"https:\/\/api.w.org\/{rel}","templated":true}]}}